en b is divided by 3.
2
Let x(f) = -f**3 + 7*f**2 - 6*f + 1. Calculate the remainder when 4 is divided by x(6).
0
Let n(i) = i**2 + 11*i + 37. Calculate the remainder when n(0) is divided by 20.
17
Suppose 0*u + 2*u - 22 = -3*g, 4*u + 2*g - 52 = 0. What is the remainder when 54 is divided by u?
12
Let z(m) = -2*m**3 - 2*m**2 + 2. Let d be z(-3). Let v = -13 + d. Suppose 34 = 2*i - 2*r - 0*r, 0 = 4*r + 16. What is the remainder when v is divided by i?
12
Suppose -g = -3*g - 10, -3*y + 5*g = -34. Suppose -3*u - o = 3*o - 89, -5*u - y*o = -141. Calculate the remainder when 51 is divided by u.
24
Suppose 3*n = -2*n - 5. Let c be (-59)/(-3)*(4 + n). Suppose 4*g + 11 = c. What is the remainder when 21 is divided by g?
9
Let f = 27 - 16. Let s be 0 + 0 + -2 + 4. Suppose 2*u + s*r - 44 = 0, 5 = -u + r + 25. What is the remainder when u is divided by f?
10
Let d = 3 - 1. Suppose 3*f + 3*s = s + 8, -d*f + 2 = 2*s. Let b = -284 - -300. What is the remainder when b is divided by f?
4
Suppose 0 = 4*m + 3*v - 3, -v + 7 = 3*m + 1. Suppose m = w - 19. Calculate the remainder when 43 is divided by w.
21
Let n be 2 + 14 - 2 - -1. Let a = n + 22. What is the remainder when a is divided by 13?
11
Let g = 2 - 0. Let d(f) = f**3 + 5*f**2 + f + 3. Let o be d(-5). Let z(q) = 2*q**2 + 4*q + 2. What is the remainder when z(o) is divided by g?
0
Let h(b) = -b**3 - 6*b**2 + 3*b + 9. Calculate the remainder when h(-7) is divided by 10.
7
Suppose v = 15 + 11. What is the remainder when v is divided by 6?
2
Suppose 6*z = 5*a + 5*z - 14, 4*a = -2*z. Suppose 0 = 2*g + g + 15, -a*c - g + 75 = 0. What is the remainder when c is divided by 21?
19
Suppose 4 = 4*s - 0. Suppose 3 - 8 = -5*n. Calculate the remainder when s is divided by n.
0
Suppose -5 - 7 = 4*z. Let u = z - -7. What is the remainder when 9 is divided by u?
1
Suppose 0 = -2*g - 6, -13 = -o - 0*g + 2*g. Suppose o*x - 55 = 2*x. Calculate the remainder when x is divided by 6.
5
Let h(a) = -a - 4. Let s(t) = t - 1. Let g be s(-5). Let k be h(g). Suppose 33 - 9 = k*d. What is the remainder when d is divided by 7?
5
Let k(o) = o + 32 - 2*o + o**2 + 0*o. Let q be k(0). Suppose q - 8 = 4*p. Calculate the remainder when 22 is divided by p.
4
Suppose 21 = 5*w - 4*w. Let s be (w/(-12))/((-1)/4). Let y = s - 4. Calculate the remainder when 8 is divided by y.
2
Let i = -116 - -52. Let g(k) = -k**3 + 2*k**2 + 3*k + 1. Calculate the remainder when (-1 - i/2)/1 is divided by g(-2).
9
Suppose -w + 6 = 4*u, 2*w = -4*u - 1 + 5. What is the remainder when -3 + 2 + 6 + -1 is divided by u?
0
Let p(s) = -s**2 + 14*s + 7. What is the remainder when p(14) is divided by 5?
2
Suppose -4*d + 14 = -2*m + 3*m, 0 = -4*m - 2*d + 28. Calculate the remainder when 11 is divided by m.
5
What is the remainder when 160 is divided by 25 - (-1 - -3)/(-1)?
25
Let d = 40 - 1. Let t(q) = -q**3 - 3*q**2 - 4*q - 2. What is the remainder when d is divided by t(-3)?
9
Let r(n) = -2*n**3 + 4*n + 3. Suppose -3*b = -8*b - 10. Calculate the remainder when 20 is divided by r(b).
9
Let q = 6 - 1. Suppose 0 = 3*y - 3*g - 123, -q*y + g - 2*g = -187. Suppose 67 = t + 3*t + 5*f, 0 = 2*t - 2*f - y. What is the remainder when 52 is divided by t?
16
Suppose 2*h = -4*b + 46, 2*h = -2*h - 2*b + 122. Suppose -h = -4*w + w. Calculate the remainder when (-126)/(-4) + (-1)/(-2) is divided by w.
10
Let d(p) = 3*p**2 + p. Let x be d(-1). Let g(m) = -m**3 + m**2 - m + 26. Calculate the remainder when g(0) is divided by x/4*36/2.
8
Suppose 4 = -3*r + 1, -173 = -5*t - 2*r. What is the remainder when t is divided by (-3 + 15)/(-2)*-2?
11
Suppose -139 - 165 = -8*q. Calculate the remainder when 74 is divided by q.
36
Let j = -7 - -18. Suppose -4*v = h - 2*v - 12, 5*v = -h + 9. Let m = h + -8. Calculate the remainder when j is divided by m.
5
Let m = 30 - -1. What is the remainder when m is divided by 11?
9
Suppose 0 = -7*q + 3*q + 256. Let z = 45 - 32. Calculate the remainder when q is divided by z.
12
Let y be (-1 - 74) + 1/1. Let a = -33 - y. What is the remainder when a is divided by 14?
13
Let w = 15 - 2. Let o = 6 + -8. What is the remainder when (-3)/o*(-50)/(-3) is divided by w?
12
Let s be -1*(1 - 9 - 1). Let j = -4 + s. Suppose 0*z + 70 = j*z. Calculate the remainder when z is divided by 5.
4
Suppose -8 = -3*y - 5*m, -4*y + 0*m = -2*m - 54. Calculate the remainder when 42 is divided by y.
9
Suppose 2*b + a = -2*b + 8, 5*b + a = 9. Suppose -5*z + 0*z + 17 = -2*c, -2*z - 4*c + 2 = 0. What is the remainder when b is divided by ((-10)/(-4) - z)*-2?
0
Let g = -2 + 5. Suppose -2*f = 3*r - 4*f - 6, f - 11 = -2*r. Calculate the remainder when r is divided by g.
1
What is the remainder when 63 is divided by ((-132)/(-21))/((-8)/(-28))?
19
Let k = -33 - -15. Let h = 43 + k. Let g = 23 - 16. Calculate the remainder when h is divided by g.
4
Suppose -i - 4 + 21 = 0. What is the remainder when i is divided by 3?
2
Let u(n) = 25*n**2 + 5*n + 4. What is the remainder when u(-2) is divided by 19?
18
Let i = 3 - -20. Calculate the remainder when i is divided by 13.
10
What is the remainder when 12 is divided by (35/(-10))/((-20)/(-8) + -3)?
5
Let g(w) = 77*w**3 + w. Calculate the remainder when g(1) is divided by 16.
14
Suppose -3 = -2*t + 11. Suppose l - 6*l + 5*v = 235, 0 = 5*v - 25. Let w = -29 - l. What is the remainder when w is divided by t?
6
Calculate the remainder when (-74)/(-3) + (-3)/(-9) is divided by 7.
4
Let i(l) = l - 3. Let g be i(3). Suppose g*a = 2*a. Suppose 4 = 2*c - a*c. What is the remainder when 4 is divided by c?
0
Suppose -y - 98 = -6*y - d, 5*y - 3*d - 86 = 0. Let x be 1/4 - 1/4. Suppose -3*r + 0 + 21 = x. What is the remainder when y is divided by r?
5
Let c = -16 - -34. What is the remainder when c is divided by 5?
3
Suppose -2*n + 20 = -6*x + 4*x, 74 = 5*n + 3*x. What is the remainder when 23 is divided by n?
10
Suppose -3*g + 47 = -3*j + 17, 0 = -4*j - 16. Let v = -9 + g. Let m = -1 - v. What is the remainder when m is divided by 2?
0
Let w be (4/(-10))/((-3)/(-90)). What is the remainder when 81 is divided by ((-21)/w)/((-2)/(-32))?
25
Calculate the remainder when 32 is divided by 8/44 - (-3 - (-60)/(-33)).
2
Suppose -111 = -6*q + 3*q + 4*v, -4*q + 138 = -2*v. Suppose 2*k - 19 = q. What is the remainder when k is divided by 9?
8
Let z = -7 - -7. Suppose z = 2*k + 10, 0 = 4*j - 4*k - 0*k - 24. Suppose j = 2*c - 5, -3*g = -c - 99. What is the remainder when g is divided by 9?
7
What is the remainder when 87 is divided by (10/4)/(4/24)?
12
Let u = -10 - -12. Suppose 3*s - 20 = -u*s. Suppose z + 3*z - 44 = 0. What is the remainder when z is divided by s?
3
Let s = -20 + 21. Suppose -44 = -2*w + 4. Calculate the remainder when w is divided by 10 - 1 - (-4)/s.
11
Calculate the remainder when (39/9)/((-5)/6 - -1) is divided by (-14)/3*(-1 + -2).
12
Let g = 36 + -38. Let d = 6 + 13. Let n = g + d. Calculate the remainder when 33 is divided by n.
16
Let q = 58 - 34. What is the remainder when q is divided by 13?
11
Suppose -5*r = -15, -2*d + 4*r = -d - 14. What is the remainder when d is divided by 7?
5
Suppose -94 = -5*u - b, 4*u + b - 3*b - 64 = 0. Suppose 0 = -2*i + 140 - 2. Calculate the remainder when i is divided by u.
15
Suppose -4*v + 8 + 0 = 0. Let n(d) = 4*d**2 - 1. Let x be n(1). Let w = v + x. What is the remainder when 9 is divided by w?
4
Let l(y) = -16*y**2 + 11*y**2 - 5 + 7*y**2. What is the remainder when l(4) is divided by 14?
13
Let q(l) = -2*l + 1. Calculate the remainder when 60 is divided by q(-10).
18
Let y = -6 + 1. Let l(b) = -4*b + 17. Let m(u) = -u - 1. Let r(f) = y*m(f) + l(f). What is the remainder when 25 is divided by r(-9)?
12
Let p be 3 - (0 + 1 + -27). Let u = p - -18. What is the remainder when u is divided by 12?
11
Suppose 4*z - 1112 = 4*u, -z - 23 - 795 = 3*u. Calculate the remainder when 4/(-30) + u/(-30) is divided by 5.
4
Let a(c) = 23*c**2 - 2*c + 1. Calculate the remainder when -1*(1 + 0) + 87 is divided by a(1).
20
Suppose -5*y - 4*c = 3, -4*y - c = -2*c - 6. Let w be (y - 0) + -4 + 3. Suppose w = -5*t - 33 + 238. What is the remainder when t is divided by 14?
13
Suppose -35 = -3*c + i + i, -c = 5*i - 40. Calculate the remainder when 44 is divided by c.
14
Calculate the remainder when (273/14)/((2/2)/6) is divided by 40.
37
C